{"id":483,"date":"2022-11-24T05:24:58","date_gmt":"2022-11-24T03:24:58","guid":{"rendered":"http:\/\/cedra.academy\/?page_id=483"},"modified":"2022-11-27T23:22:45","modified_gmt":"2022-11-27T21:22:45","slug":"fizica","status":"publish","type":"page","link":"https:\/\/cedra.academy\/?page_id=483","title":{"rendered":"Fizic\u0103"},"content":{"rendered":"<br \/>\n<h3 style=\"text-align: center;\"><strong>Fizic\u0103<\/strong><\/h3>\n<h3 style=\"text-align: center;\">Lec\u021bie<\/h3>\n<p><div class=\"tcb-post-list thrv_wrapper\" data-type=\"grid\" data-pagination-type=\"load_more\" data-pages_near_current=\"2\" data-css=\"tve-u-184a15a9fa9\" data-total_post_count=\"26\" data-total_sticky_count=\"0\" data-disabled-links=\"1\" data-featured-list=\"tve-u-184a138f6fc\" data-no_posts_text=\"There are no posts to display.\"><article id=\"post-2743\" class=\"post-2743 post type-post status-publish format-standard has-post-thumbnail hentry category-fizica category-resurse-educationale hello-academy-blog-item-grid post-wrapper thrv_wrapper \" tcb_hover_state_parent=\"\" data-selector=\".post-wrapper\"><style class=\"tcb-post-list-dynamic-style\" type=\"text\/css\"><\/style><\/p>\n<h2><span data-id=\"0\" data-type=\"true\" style=\"display: inline-block; line-height: 0;\"><\/span><span data-id=\"0\" data-type=\"true\" style=\"display: inline-block; line-height: 0;\"><\/span><span data-id=\"0\" data-type=\"true\" style=\"display: inline-block; line-height: 0;\"><\/span><span data-id=\"0\" data-type=\"true\" style=\"display: inline-block; line-height: 0;\"><\/span><span data-shortcode=\"tcb_post_title\" data-shortcode-name=\"Post title\" data-extra_key=\"\" data-attr-link=\"1\" data-attr-target=\"0\" data-attr-rel=\"0\" data-option-inline=\"1\" data-attr-static-link=\"{&quot;className&quot;:&quot;tve-froala fr-basic&quot;,&quot;href&quot;:&quot;#&quot;,&quot;title&quot;:&quot;Fizic\u0103&quot;,&quot;data-css&quot;:&quot;tve-u-184a15c2b3a&quot;,&quot;class&quot;:&quot;tve-froala fr-basic&quot;}\" data-attr-css=\"tve-u-184a15c2b3a\"><a href=\"https:\/\/cedra.academy\/?p=2743\" title=\"Circuitul electric simplu\" data-css=\"tve-u-184a15c2b3a\" class=\"tve-froala fr-basic\">Circuitul electric simplu<\/a><\/span><span data-id=\"0\" data-type=\"false\" style=\"display: inline-block; line-height: 0;\"><\/span><span data-id=\"0\" data-type=\"false\" style=\"display: inline-block; line-height: 0;\"><\/span><span data-id=\"0\" data-type=\"false\" style=\"display: inline-block; line-height: 0;\"><\/span><span data-id=\"0\" data-type=\"false\" style=\"display: inline-block; line-height: 0;\"><\/span><\/h2>\n<p><a href=\"https:\/\/cedra.academy\/?p=2743\" style=\"\"><span>                    <\/span><span><span>Desc\u0103rca\u021bi<\/span><\/span><\/a><\/article><article id=\"post-2732\" class=\"post-2732 post type-post status-publish format-standard has-post-thumbnail hentry category-chimia category-fizica category-resurse-educationale hello-academy-blog-item-grid post-wrapper thrv_wrapper \" tcb_hover_state_parent=\"\" data-selector=\".post-wrapper\"><style class=\"tcb-post-list-dynamic-style\" type=\"text\/css\"><\/style><\/p>\n<h2><span data-id=\"0\" data-type=\"true\" style=\"display: inline-block; line-height: 0;\"><\/span><span data-id=\"0\" data-type=\"true\" style=\"display: inline-block; line-height: 0;\"><\/span><span data-id=\"0\" data-type=\"true\" style=\"display: inline-block; line-height: 0;\"><\/span><span data-id=\"0\" data-type=\"true\" style=\"display: inline-block; line-height: 0;\"><\/span><span data-shortcode=\"tcb_post_title\" data-shortcode-name=\"Post title\" data-extra_key=\"\" data-attr-link=\"1\" data-attr-target=\"0\" data-attr-rel=\"0\" data-option-inline=\"1\" data-attr-static-link=\"{&quot;className&quot;:&quot;tve-froala fr-basic&quot;,&quot;href&quot;:&quot;#&quot;,&quot;title&quot;:&quot;Fizic\u0103&quot;,&quot;data-css&quot;:&quot;tve-u-184a15c2b3a&quot;,&quot;class&quot;:&quot;tve-froala fr-basic&quot;}\" data-attr-css=\"tve-u-184a15c2b3a\"><a href=\"https:\/\/cedra.academy\/?p=2732\" title=\"Atomul (Informa\u021bii, PPT, fi\u0219e de lucru)\" data-css=\"tve-u-184a15c2b3a\" class=\"tve-froala fr-basic\">Atomul (Informa\u021bii, PPT, fi\u0219e de lucru)<\/a><\/span><span data-id=\"0\" data-type=\"false\" style=\"display: inline-block; line-height: 0;\"><\/span><span data-id=\"0\" data-type=\"false\" style=\"display: inline-block; line-height: 0;\"><\/span><span data-id=\"0\" data-type=\"false\" style=\"display: inline-block; line-height: 0;\"><\/span><span data-id=\"0\" data-type=\"false\" style=\"display: inline-block; line-height: 0;\"><\/span><\/h2>\n<p><a href=\"https:\/\/cedra.academy\/?p=2732\" style=\"\"><span>                    <\/span><span><span>Desc\u0103rca\u021bi<\/span><\/span><\/a><\/article><article id=\"post-2367\" class=\"post-2367 post type-post status-publish format-standard has-post-thumbnail hentry category-fizica category-resurse-educationale hello-academy-blog-item-grid post-wrapper thrv_wrapper \" tcb_hover_state_parent=\"\" data-selector=\".post-wrapper\"><style class=\"tcb-post-list-dynamic-style\" type=\"text\/css\"><\/style><\/p>\n<h2><span data-id=\"0\" data-type=\"true\" style=\"display: inline-block; line-height: 0;\"><\/span><span data-id=\"0\" data-type=\"true\" style=\"display: inline-block; line-height: 0;\"><\/span><span data-id=\"0\" data-type=\"true\" style=\"display: inline-block; line-height: 0;\"><\/span><span data-id=\"0\" data-type=\"true\" style=\"display: inline-block; line-height: 0;\"><\/span><span data-shortcode=\"tcb_post_title\" data-shortcode-name=\"Post title\" data-extra_key=\"\" data-attr-link=\"1\" data-attr-target=\"0\" data-attr-rel=\"0\" data-option-inline=\"1\" data-attr-static-link=\"{&quot;className&quot;:&quot;tve-froala fr-basic&quot;,&quot;href&quot;:&quot;#&quot;,&quot;title&quot;:&quot;Fizic\u0103&quot;,&quot;data-css&quot;:&quot;tve-u-184a15c2b3a&quot;,&quot;class&quot;:&quot;tve-froala fr-basic&quot;}\" data-attr-css=\"tve-u-184a15c2b3a\"><a href=\"https:\/\/cedra.academy\/?p=2367\" title=\"Dispersia luminii \u00een natur\u0103, art\u0103 \u0219i tehnic\u0103\" data-css=\"tve-u-184a15c2b3a\" class=\"tve-froala fr-basic\">Dispersia luminii \u00een natur\u0103, art\u0103 \u0219i tehnic\u0103<\/a><\/span><span data-id=\"0\" data-type=\"false\" style=\"display: inline-block; line-height: 0;\"><\/span><span data-id=\"0\" data-type=\"false\" style=\"display: inline-block; line-height: 0;\"><\/span><span data-id=\"0\" data-type=\"false\" style=\"display: inline-block; line-height: 0;\"><\/span><span data-id=\"0\" data-type=\"false\" style=\"display: inline-block; line-height: 0;\"><\/span><\/h2>\n<p><a href=\"https:\/\/cedra.academy\/?p=2367\" style=\"\"><span>                    <\/span><span><span>Desc\u0103rca\u021bi<\/span><\/span><\/a><\/article><article id=\"post-2358\" class=\"post-2358 post type-post status-publish format-standard has-post-thumbnail hentry category-fizica category-resurse-educationale hello-academy-blog-item-grid post-wrapper thrv_wrapper \" tcb_hover_state_parent=\"\" data-selector=\".post-wrapper\"><style class=\"tcb-post-list-dynamic-style\" type=\"text\/css\"><\/style><\/p>\n<h2><span data-id=\"0\" data-type=\"true\" style=\"display: inline-block; line-height: 0;\"><\/span><span data-id=\"0\" data-type=\"true\" style=\"display: inline-block; line-height: 0;\"><\/span><span data-id=\"0\" data-type=\"true\" style=\"display: inline-block; line-height: 0;\"><\/span><span data-id=\"0\" data-type=\"true\" style=\"display: inline-block; line-height: 0;\"><\/span><span data-shortcode=\"tcb_post_title\" data-shortcode-name=\"Post title\" data-extra_key=\"\" data-attr-link=\"1\" data-attr-target=\"0\" data-attr-rel=\"0\" data-option-inline=\"1\" data-attr-static-link=\"{&quot;className&quot;:&quot;tve-froala fr-basic&quot;,&quot;href&quot;:&quot;#&quot;,&quot;title&quot;:&quot;Fizic\u0103&quot;,&quot;data-css&quot;:&quot;tve-u-184a15c2b3a&quot;,&quot;class&quot;:&quot;tve-froala fr-basic&quot;}\" data-attr-css=\"tve-u-184a15c2b3a\"><a href=\"https:\/\/cedra.academy\/?p=2358\" title=\"Electromagne\u021bii\" data-css=\"tve-u-184a15c2b3a\" class=\"tve-froala fr-basic\">Electromagne\u021bii<\/a><\/span><span data-id=\"0\" data-type=\"false\" style=\"display: inline-block; line-height: 0;\"><\/span><span data-id=\"0\" data-type=\"false\" style=\"display: inline-block; line-height: 0;\"><\/span><span data-id=\"0\" data-type=\"false\" style=\"display: inline-block; line-height: 0;\"><\/span><span data-id=\"0\" data-type=\"false\" style=\"display: inline-block; line-height: 0;\"><\/span><\/h2>\n<p><a href=\"https:\/\/cedra.academy\/?p=2358\" style=\"\"><span>                    <\/span><span><span>Desc\u0103rca\u021bi<\/span><\/span><\/a><\/article><article id=\"post-2346\" class=\"post-2346 post type-post status-publish format-standard has-post-thumbnail hentry category-fizica category-resurse-educationale hello-academy-blog-item-grid post-wrapper thrv_wrapper \" tcb_hover_state_parent=\"\" data-selector=\".post-wrapper\"><style class=\"tcb-post-list-dynamic-style\" type=\"text\/css\"><\/style><\/p>\n<h2><span data-id=\"0\" data-type=\"true\" style=\"display: inline-block; line-height: 0;\"><\/span><span data-id=\"0\" data-type=\"true\" style=\"display: inline-block; line-height: 0;\"><\/span><span data-id=\"0\" data-type=\"true\" style=\"display: inline-block; line-height: 0;\"><\/span><span data-id=\"0\" data-type=\"true\" style=\"display: inline-block; line-height: 0;\"><\/span><span data-shortcode=\"tcb_post_title\" data-shortcode-name=\"Post title\" data-extra_key=\"\" data-attr-link=\"1\" data-attr-target=\"0\" data-attr-rel=\"0\" data-option-inline=\"1\" data-attr-static-link=\"{&quot;className&quot;:&quot;tve-froala fr-basic&quot;,&quot;href&quot;:&quot;#&quot;,&quot;title&quot;:&quot;Fizic\u0103&quot;,&quot;data-css&quot;:&quot;tve-u-184a15c2b3a&quot;,&quot;class&quot;:&quot;tve-froala fr-basic&quot;}\" data-attr-css=\"tve-u-184a15c2b3a\"><a href=\"https:\/\/cedra.academy\/?p=2346\" title=\"Experimentele lui Rutherford \u0219i modelul modern al atomului\" data-css=\"tve-u-184a15c2b3a\" class=\"tve-froala fr-basic\">Experimentele lui Rutherford \u0219i modelul modern al atomului<\/a><\/span><span data-id=\"0\" data-type=\"false\" style=\"display: inline-block; line-height: 0;\"><\/span><span data-id=\"0\" data-type=\"false\" style=\"display: inline-block; line-height: 0;\"><\/span><span data-id=\"0\" data-type=\"false\" style=\"display: inline-block; line-height: 0;\"><\/span><span data-id=\"0\" data-type=\"false\" style=\"display: inline-block; line-height: 0;\"><\/span><\/h2>\n<p><a href=\"https:\/\/cedra.academy\/?p=2346\" style=\"\"><span>                    <\/span><span><span>Desc\u0103rca\u021bi<\/span><\/span><\/a><\/article><article id=\"post-2340\" class=\"post-2340 post type-post status-publish format-standard has-post-thumbnail hentry category-fizica category-resurse-educationale hello-academy-blog-item-grid post-wrapper thrv_wrapper \" tcb_hover_state_parent=\"\" data-selector=\".post-wrapper\"><style class=\"tcb-post-list-dynamic-style\" type=\"text\/css\"><\/style><\/p>\n<h2><span data-id=\"0\" data-type=\"true\" style=\"display: inline-block; line-height: 0;\"><\/span><span data-id=\"0\" data-type=\"true\" style=\"display: inline-block; line-height: 0;\"><\/span><span data-id=\"0\" data-type=\"true\" style=\"display: inline-block; line-height: 0;\"><\/span><span data-id=\"0\" data-type=\"true\" style=\"display: inline-block; line-height: 0;\"><\/span><span data-shortcode=\"tcb_post_title\" data-shortcode-name=\"Post title\" data-extra_key=\"\" data-attr-link=\"1\" data-attr-target=\"0\" data-attr-rel=\"0\" data-option-inline=\"1\" data-attr-static-link=\"{&quot;className&quot;:&quot;tve-froala fr-basic&quot;,&quot;href&quot;:&quot;#&quot;,&quot;title&quot;:&quot;Fizic\u0103&quot;,&quot;data-css&quot;:&quot;tve-u-184a15c2b3a&quot;,&quot;class&quot;:&quot;tve-froala fr-basic&quot;}\" data-attr-css=\"tve-u-184a15c2b3a\"><a href=\"https:\/\/cedra.academy\/?p=2340\" title=\"Sarcina electric\u0103. Legea conserv\u0103rii sarcinii electrice. Legea lui Coulomb\" data-css=\"tve-u-184a15c2b3a\" class=\"tve-froala fr-basic\">Sarcina electric\u0103. Legea conserv\u0103rii sarcinii electrice. Legea lui Coulomb<\/a><\/span><span data-id=\"0\" data-type=\"false\" style=\"display: inline-block; line-height: 0;\"><\/span><span data-id=\"0\" data-type=\"false\" style=\"display: inline-block; line-height: 0;\"><\/span><span data-id=\"0\" data-type=\"false\" style=\"display: inline-block; line-height: 0;\"><\/span><span data-id=\"0\" data-type=\"false\" style=\"display: inline-block; line-height: 0;\"><\/span><\/h2>\n<p><a href=\"https:\/\/cedra.academy\/?p=2340\" style=\"\"><span>                    <\/span><span><span>Desc\u0103rca\u021bi<\/span><\/span><\/a><\/article><\/div><div class=\"tcb-pagination thrv_wrapper tcb-permanently-hidden\" data-list=\"tve-u-184a15a9fa9\" data-type=\"load_more\"><a href=\"javascript:void(0)\"><span><span>Afl\u0103 mai mult<\/span><\/span><\/a><\/div><\/p>\n","protected":false},"excerpt":{"rendered":"<p>Fizic\u0103 Lec\u021bie<\/p>\n","protected":false},"author":1,"featured_media":0,"parent":469,"menu_order":0,"comment_status":"closed","ping_status":"closed","template":"","meta":{"footnotes":""},"_links":{"self":[{"href":"https:\/\/cedra.academy\/index.php?rest_route=\/wp\/v2\/pages\/483"}],"collection":[{"href":"https:\/\/cedra.academy\/index.php?rest_route=\/wp\/v2\/pages"}],"about":[{"href":"https:\/\/cedra.academy\/index.php?rest_route=\/wp\/v2\/types\/page"}],"author":[{"embeddable":true,"href":"https:\/\/cedra.academy\/index.php?rest_route=\/wp\/v2\/users\/1"}],"replies":[{"embeddable":true,"href":"https:\/\/cedra.academy\/index.php?rest_route=%2Fwp%2Fv2%2Fcomments&post=483"}],"version-history":[{"count":6,"href":"https:\/\/cedra.academy\/index.php?rest_route=\/wp\/v2\/pages\/483\/revisions"}],"predecessor-version":[{"id":671,"href":"https:\/\/cedra.academy\/index.php?rest_route=\/wp\/v2\/pages\/483\/revisions\/671"}],"up":[{"embeddable":true,"href":"https:\/\/cedra.academy\/index.php?rest_route=\/wp\/v2\/pages\/469"}],"wp:attachment":[{"href":"https:\/\/cedra.academy\/index.php?rest_route=%2Fwp%2Fv2%2Fmedia&parent=483"}],"curies":[{"name":"wp","href":"https:\/\/api.w.org\/{rel}","templated":true}]}}